uppose 2*l + 0 = -2, -x + 4*l = -9. Suppose x*t - i + 4*i = 413, 2*t - 2*i = 162. Is t a prime number?
False
Is 1 + -4 - 484*-1 composite?
True
Let f(d) = d**3 + d**2 + d + 1. Let i(v) = v**3 - 7*v**2 - 6*v - 4. Let x(w) = -3*f(w) - i(w). Is x(-2) a composite number?
False
Let k = -13 - -17. Suppose 5*s + k*y - 117 = 0, -4*s + y + 117 = 15. Is s a composite number?
True
Suppose y + y + 4*c - 96 = 0, -c - 1 = 0. Let k be (2 - -127) + (-2 - 0). Let a = k - y. Is a prime?
False
Suppose 3*z - 2*m = 991, 4*m + 3 = -5. Is z a prime number?
False
Suppose -4*d + 1743 = 271. Is (-1)/(d/124 + -3) a prime number?
True
Is 168 - -3*(-1)/(-3) a prime number?
False
Suppose 2*n + 6 = 4*n. Suppose -d - n*d = 5*q - 253, -q + 131 = 2*d. Is d composite?
False
Let r(a) be the third derivative of a**6/60 + a**5/60 + a**4/8 - a**3/3 + a**2. Let z(u) be the first derivative of r(u). Is z(5) a prime number?
True
Let h = 1 + 2. Suppose 3*s - s = 5*q - 113, 2*q + h*s = 30. Is q composite?
True
Suppose 3*o - o - 1144 = -4*y, y = -3*o + 291. Let r be -2*1 + (y - -2). Suppose 3*n = 6*n - r. Is n a composite number?
True
Let a = -24 - -26. Suppose 5 = 5*p, 0 = u + p + 3 - 6. Let r = u + a. Is r a composite number?
True
Suppose u - 6*u = -3835. Is u composite?
True
Let s be 3/9 - 10/(-6). Let j = s - -2. Suppose 0 = -2*a + 10, x = -0*x + a + j. Is x a prime number?
False
Let s(k) be the third derivative of 0*k - 2*k**2 - 1/60*k**5 + 1/120*k**6 + 1/24*k**4 + 0 + 7/6*k**3. Is s(0) prime?
True
Let o be 2*1 - 15/(-5). Suppose -2*v + 574 = -2*f, 0*v + 1423 = -o*f + 2*v. Let y = f - -500. Is y prime?
False
Let x be (0 + 1 - 2)/(-1). Let k be x/5 - (-114)/5. Is (-1 - -2) + k + 1 a prime number?
False
Let f(x) be the third derivative of -11*x**4/12 + 2*x**2. Is f(-1) prime?
False
Let t = 1 - -3. Suppose -j - 5*x = -21, -t*j + 2*x = -2*j + 18. Is -2*(-1)/j*-38 prime?
True
Let l(a) = -3*a**3 - 2*a**2 + a**2 + 4 + 2*a**3 - a. Let m be l(0). Suppose -m*p + 234 = 5*h + 65, p + 189 = 5*h. Is h a prime number?
True
Suppose 3*i - 3*r = 63, 2*i - 5*r + 5 = 56. Let t be 8 + (0 - 0)/3. Let s = i - t. Is s a prime number?
False
Let i(v) = -v**3 - 11*v**2 + 11*v - 12. Let u be i(-12). Suppose u*g + 57 = g. Is g prime?
False
Let j(k) = -k - 5. Let o be j(-7). Suppose 4*p + 8 = 0, 0 = -3*x + 4*p - o*p + 40. Suppose -25 = -i + x. Is i a prime number?
True
Let z(x) be the second derivative of -13*x**3/6 - x**2/2 + 2*x. Let n be z(3). Is 15*4/(n/(-6)) a prime number?
False
Let d(a) = a**3 - 5*a**2 + 9*a + 2. Is d(7) a prime number?
True
Let c(i) = i**2 - 5*i. Let k be c(5). Suppose k*n + n - 15 = 0. Is n a prime number?
False
Let m be 137/5 - 8/20. Let p be m*(-1 + 2)*-21. Is 4*(p/(-12) + -3) a composite number?
True
Let q = 5 - -2. Let b = 10 - q. Suppose -b*k = 4*y - 139, -y - 3*k + 5*k + 43 = 0. Is y prime?
True
Let i = 13648 + -4845. Is i composite?
False
Let n = -6 - -7. Let o be (9 - 6) + (n - 1). Suppose 0 = v - 3*w + 7*w - 33, -o*w = 4*v - 132. Is v prime?
False
Suppose 4*s - g = -17287, 3*s - 3*g + g + 12969 = 0. Let k = -2760 - s. Is k a composite number?
True
Suppose -3*a + 8*a - 845 = 0. Suppose -o = -5*g - 4*o + a, -3*o = 6. Is g a composite number?
True
Let o(m) = -m - 3. Let v be o(-7). Suppose 4*u - 48 = 5*k, -v*u - u + 3*k = -47. Suppose 0 = 2*n - 5*l - 17, u*l + 3 = 4*l. Is n prime?
False
Let m(s) = 4*s + 3. Let t(q) = q**2 - 4*q - 4. Let i be t(4). Let r be m(i). Let u = 8 - r. Is u a prime number?
False
Let h = 5 + 74. Is h composite?
False
Let m(b) be the first derivative of b**3/3 + b**2 - 2*b + 2. Let w be m(-2). Is w/5 + 514/10 prime?
False
Let q = 3238 - -871. Is q a composite number?
True
Let i be ((-1)/1)/(1/(-5)). Suppose -h = -3*t, -i*h + 2*t - 7*t + 80 = 0. Suppose 23 + h = 5*v. Is v a prime number?
True
Suppose -r - 6 = -5*k, k = -4*k + 2*r + 2. Let q(j) = 0 - 5 - 5*j + j**3 - 4*j**k - j. Is q(6) a prime number?
True
Let z(r) = 33*r**3 + r**2 - 1. Let d be z(1). Suppose -5*f = d - 608. Is f composite?
True
Let y be (-2)/10 + 18774/45. Let k(r) = -22*r - 1. Let p be k(-5). Suppose p = -4*h + y. Is h prime?
False
Suppose 0 = -w + z + 1316, -5*w - 5*z = -3*z - 6559. Is w a composite number?
True
Suppose 625 = 4*y - 859. Is y composite?
True
Suppose -2*r + 22 + 116 = 0. Is r a composite number?
True
Let r be 6/18 + (-16)/3. Let k be r/(-2) - 2/4. Suppose -2*b - k*b + 220 = 0. Is b a prime number?
False
Let q(p) = 12*p**2 - 4*p + 4. Suppose 3 = -j - 1. Let i be q(j). Suppose i = 5*w - 533. Is w composite?
False
Let v be 2 - (-21)/(-1) - 2. Is (v/9)/((-1)/9) prime?
False
Let a(l) = 27*l**2 + 21*l - 29. Is a(-12) a composite number?
False
Let m(v) = v**2 - 7*v + 6. Let o be m(7). Let j(t) = -2*t**3 - 3 - 5*t**2 + 0*t + 3*t**3 + 9*t. Is j(o) composite?
True
Let u = 703 + -165. Let m = -380 + u. Is m composite?
True
Let o be -54*5/((-45)/(-6)). Let h = -1 - o. Suppose -h = -5*g + 2*t + 114, 0 = 5*t - 15. Is g composite?
False
Suppose -4*n - k + 245 + 143 = 0, 388 = 4*n - 5*k. Is n a composite number?
False
Let a be (-8)/(-16) + 590/4. Let j = 303 - a. Is j prime?
False
Let j(l) = -275*l + 21. Is j(-8) a prime number?
True
Let t be (-5 + 2)/(-3) - 5. Let q = t - 31. Let l = 78 + q. Is l a prime number?
True
Suppose -2*p + 96 = -2*l + 356, 3*l + 485 = -4*p. Let s = -62 - p. Let t = -26 + s. Is t composite?
False
Is (-14 - -90)*(-3)/(-4) a prime number?
False
Let a = 1 - -2. Suppose -4*u = 4*v - 28, 4*v + 1 = 4*u - a. Suppose -4*w + 31 = k, v*w + 123 = -2*k + 5*k. Is k a prime number?
False
Suppose 2*z + 5*x = 11871, -2*z + 7202 = x - 4649. Is z a composite number?
False
Let r(l) = l**3 - 12*l**2 + 17*l - 5. Suppose n = 11 + 1. Is r(n) a composite number?
False
Suppose -3*y + 140 = 5*z, 0*y = -4*y + 20. Is z prime?
False
Let v = -64 + 149. Is v a composite number?
True
Suppose -2*h - 2*l = -13 - 27, 3*h = -l + 68. Is 2*(-148)/h*-3 composite?
False
Let w(j) = -13*j + 11. Let l = -21 + 13. Is w(l) prime?
False
Suppose s - 470 = -2*f - 4*s, -2*f = s - 470. Is f prime?
False
Suppose -3*i - y = 14, -i + 0*y - 3*y - 10 = 0. Let v(f) = f**3 + 3 - 4*f**3 + 4*f**3 + 3*f + 6*f**2. Is v(i) a composite number?
False
Let u = 8 - -79. Let m = u + -61. Is m prime?
False
Is 48/(-264) + 20033/11 prime?
False
Suppose 0 = -8*q + 3*q + 1695. Is q a composite number?
True
Let c = 175 + 232. Is c a prime number?
False
Suppose 5*r - 98 = -1473. Let m = r - -402. Is m prime?
True
Suppose 0 = -2*y - 3*x + 40, 2*y - x - 38 = -5*x. Suppose 0 = a + 2*a + 96. Let i = y - a. Is i composite?
True
Let y = -5 + 6. Is (y + -3)/((-8)/92) composite?
False
Suppose -s = 0, 0 = 3*x + 3*s - 0*s + 6. Let n be 224/12*(x - 1). Is (11/4)/((-2)/n) prime?
False
Suppose 4*t = t + 2*m + 2227, -t = 2*m - 753. Is t prime?
False
Suppose -4 = -2*v + 4. Suppose -v*b = 2*p - 6, 5*b + 2 = 4*p - 10. Suppose b = -4*i + 179 + 25. Is i prime?
False
Suppose -2*z = -5*z + 12. Suppose x - 2*k - 11 = 0, 3*x - 30 = x - z*k. Is x composite?
False
Let u(s) = -s**3 + 10*s**2 + 4. Let g be u(10). Suppose 3*x + v + 76 - 959 = 0, -g*x - v = -1176. Is x composite?
False
Suppose -t + l = -353, 4*l + 75 = 2*t - 629. Let f = t + -243. Is f a composite number?
True
Let f(a) = 60*a - 1. Is f(2) prime?
False
Suppose 0 = -a + 8*a + 7. Is (a/(-2))/(1/238) prime?
False
Let d be -5 + 2 + 5 + 127. Let k = d - 80. Is k a prime number?
False
Let v = -80 + 266. Suppose 2*w = -0*w + 4*p + v, w + p = 87. Is w a composite number?
False
Let r(v) = 2*v**2 - 7 - 2*v + 3 + 1. Is r(-4) prime?
True
Suppose 0 = -3*a + a - 8, -3*c = -3*a - 396. Let y = 181 - c. Is y prime?
True
Let s(u) be the first derivative of u**3/3 + 4*u**2 + 6*u - 1. Let v be s(-7). Is (-1016)/(-20) - v/5 a composite number?
True
Suppose -100 = -r + 3*f, -129 + 15 = -r - 4*f. Suppose -6*i = -4*i - r. Is i a composite number?
False
Suppose 5*q + 494 = -3*y, 5*q + 330 = -2*y + 2*q. Let z = y + 255. Is z a composite number?
True
Suppose 3*c - 8*c - 5*a = -25, -c - 4*a = -5. Suppose p = c*h + 34, 22 = -h - 4*h - 2*p. Let r(b) = -23*b - 9. Is r(h) prime?
False
Let z(m) = m**3 + 17*m**2 - m - 19. Is z(-16) composite?
True
Suppose 3*q = -2*q - 1275. Let c = q - -370. Is c composite?
True
Let s be 4/(-6) - (-51)/9. Suppose 8*v + 2 = 5*v - 4*m, 3*m - 15 = -s*v. Is 64 + (-2)/v*-3 a prime number?
False
Suppos